- 6*w**2. Let a be m(y). Suppose 3*l - l = a. Calculate the greatest common factor of 20 and l.
10
Let p be (1/(-2))/((-1)/(-14)). Let y be (-14)/(((-28)/(-8))/p). Let x = 316 - 176. What is the highest common factor of x and y?
28
Let j(l) = 13*l**2 - 10*l + 8. Let w be j(3). Suppose -w = -14*f + 3. What is the greatest common divisor of f and 56?
7
Let m be ((-242)/33)/(8/(-12)) - -6. Let w(t) be the first derivative of 3*t**2/2 - 35*t + 1. Let y be w(m). What is the greatest common divisor of y and 4?
4
Let t(j) = 2*j**3 - j**2 + 2*j. Let l be t(2). Let y be (-48)/(3 + (-21)/6). Suppose 0 = 3*f + f - y. Calculate the highest common divisor of l and f.
8
Suppose 0 = 11*h - 28*h + 459. Calculate the highest common factor of h and 135.
27
Let y be 221/(-78)*42/(-7). Let w = 53 - 19. What is the highest common divisor of y and w?
17
Suppose 10 - 13 = -3*q. Calculate the highest common divisor of 1 and q.
1
Let c(v) = -12*v + 2. Let r be (4/(-5))/((-10)/75). Let y be (-3 - 0) + r - 7. Let o be c(y). What is the greatest common factor of o and 20?
10
Let f = 1640 - 1144. Calculate the highest common divisor of f and 16.
16
Let s = 115 + 102. Suppose 0*y = q - 5*y - s, 4*q - 818 = -5*y. Let f be (46/4)/(2/4). Calculate the highest common factor of q and f.
23
Let r be (0/(-8))/(0 - -2). Suppose -3*m + 62 = 4*o + 6, -5*m - 5*o + 85 = r. Calculate the greatest common factor of 4 and m.
4
Let w(l) = -3*l**2 - 17*l - 1. Let k be w(-5). Suppose 0 = -11*t + k*t + 112. Calculate the highest common factor of t and 7.
7
Let b be (-6)/(-10) - -64*15/25. What is the highest common factor of b and 208?
13
Let p = 9 + -6. Suppose 4*m - 8 = -4*i + 44, -p*m = 2*i - 37. What is the highest common divisor of m and 11?
11
Let p be 10/((-1*8/14)/(-4)). Calculate the greatest common divisor of 28 and p.
14
Let j(l) = -111*l + 54*l + 48*l + 9. Let w be j(-4). Calculate the highest common factor of w and 3.
3
Let c be (12 - 8) + 213/3. Suppose 33 + 12 = 3*y. Calculate the highest common divisor of y and c.
15
Suppose -834 + 2594 = 16*t. Calculate the highest common divisor of 154 and t.
22
Suppose -4*r + 22 = -3*j - 5, 5*r + 5*j = -10. Suppose -24 - 54 = -r*s. Calculate the highest common divisor of s and 26.
26
Suppose -3*t - 4*b + 118 = -0*b, -4*t + b = -189. What is the greatest common divisor of t and 2?
2
Let j be (-1)/25 + 105015/375. What is the highest common factor of j and 616?
56
Suppose 0 = -n + j + 14 - 6, -20 = -2*n + 3*j. Suppose 413 = n*v - 547. What is the highest common factor of v and 48?
48
Let b(u) = 8*u**2 + 134*u. Let f be b(-18). What is the greatest common divisor of f and 220?
20
Suppose -7*g + 2638 = -2241. What is the highest common divisor of g and 82?
41
Let s be 55/165*18*1. Let a = -118 - -184. What is the greatest common divisor of a and s?
6
Let r = 187 - 179. Calculate the highest common factor of r and 416.
8
Suppose 10*k = 1253 + 2737. Calculate the highest common factor of 42 and k.
21
Let d(h) = -h**3 - 5*h**2 + 10*h + 2. Let p be d(-7). Suppose 0 = -19*o + 4*o + 150. What is the highest common factor of o and p?
10
Let t be (-6)/(-27) + 205/9. Let r = -418 - -254. Let j = -72 - r. Calculate the greatest common factor of j and t.
23
Suppose 4*v - c + 2 - 3 = 0, 3*v = 3*c + 12. Let t be 1/v*(-6 - -12). Let d be (21/t - -2)*-2. Calculate the greatest common divisor of d and 3.
3
Let y be 9066/63 + (-40)/(-420). What is the greatest common divisor of 18 and y?
18
Let i be (-2)/13 - ((-72)/117)/4. Suppose -3*b + 2*g + 8 = 0, -b - 5*g + 12 + 2 = i. Calculate the highest common factor of b and 20.
4
Let g(o) = -o**2 + 2*o + 55. Let b be g(0). Suppose -3*z - 4 = -b. Let j(t) = t**2 - 13*t + 17. Let u be j(13). What is the highest common divisor of z and u?
17
Let h(r) = -r + 7. Let z be h(4). Let a(k) = -k**3 + 4*k**2 - k - 2. Let x be a(z). Suppose 3*n - 15 = -3. What is the greatest common divisor of x and n?
4
Suppose 0 = -5*d - 16 + 76. Suppose -4*l - 3*k = -6*k - 630, -5*k = 5*l - 770. Calculate the greatest common factor of l and d.
12
Let s = -429 + 438. Calculate the greatest common factor of 3 and s.
3
Let p be (7 - 6) + 73/((-1)/(-1)). Let u = -65 + p. Calculate the greatest common factor of u and 6.
3
Suppose -2405 = 100*g - 137*g. What is the highest common factor of 533 and g?
13
Suppose -4*c + 151 = 11. Calculate the highest common factor of 5 and c.
5
Let x be (9/12)/(2/48). Suppose -3*a = -2*d + 13, d + d - 4*a = 8. Let s = d - 5. Calculate the greatest common factor of s and x.
9
Let m(i) = 11*i - 102. Let c be m(27). What is the greatest common factor of c and 325?
65
Suppose 35 = -5*p - 10. Let n = 7 - p. Suppose 0 = -5*a + 5*v + 730, -2*a + 280 = -8*v + 12*v. Calculate the greatest common divisor of a and n.
16
Suppose 0 = 4*s - s + 27. Let d = s + 3. Let u = d + 36. Calculate the greatest common divisor of u and 10.
10
Let u be (0 - 0)/((-2)/1). Suppose 23*n - 26*n + 48 = u. What is the greatest common divisor of n and 128?
16
Let l(q) = -15*q + q**2 - 5 - 6*q**2 - 6*q**2 - q**3. Let d be l(-11). What is the greatest common divisor of d and 20?
20
Let n(g) = 9*g**3 - 2*g + 2. Let o be n(1). Suppose o*z = 126 - 0. Calculate the highest common divisor of z and 98.
14
Let i be 1068 + (7 + (-112)/12)*-3. What is the highest common factor of 10 and i?
5
Let b = -3 + 5. Suppose -5*w + 18 = -b. Let s = 295 - 263. What is the greatest common factor of s and w?
4
Let w be -4*(-12)/8*(-110)/(-15). Let i = -35 + 101. What is the highest common divisor of i and w?
22
Let h(k) = -94*k**3 - 4*k**2 + 6*k + 16. Let f be h(-2). Calculate the greatest common divisor of 20 and f.
20
Let n be (4 + (-2 - -4))/(9/48). Let w(d) = -d + 2. Let v be w(-6). What is the highest common divisor of n and v?
8
Suppose 5*s = -2*g + 222, 9*g - 7*g = -4*s + 176. What is the highest common factor of s and 253?
23
Suppose -9*l - 96 + 780 = 0. Calculate the greatest common divisor of l and 342.
38
Let o be (3 + -4)*-1 - (2 - 514). What is the greatest common factor of o and 27?
27
Let q be (-9 - (-1211)/133) + (-11396)/(-38). Calculate the greatest common factor of q and 60.
60
Let p = -13 + 19. Suppose -3*u = -2*c - 14 - 6, 10 = u - 4*c. Calculate the greatest common divisor of p and u.
6
Let v be -99*3*(-14)/9. Calculate the highest common divisor of v and 42.
42
Let j = 37 + 9. Let y = -34 + j. What is the highest common divisor of 24 and y?
12
Let q be (12/(-20))/(-5 + 1370/275). Calculate the highest common divisor of 12 and q.
3
Suppose 0 = 14*x - 1162 - 602. Suppose 2*t - 3*a = -0*t + 5, -5*a = -3*t + 9. Let d be (-56)/(-4)*(-1 - t). Calculate the highest common factor of d and x.
14
Suppose -c + 3*c = -2*s - 38, c = -5*s + 1. Let r = c - -29. What is the highest common factor of 50 and r?
5
Let a be (156/9)/(4/6). Let t be (-4)/10*25/(-10). Let l be t/(-2) - 158/(-4). Calculate the greatest common factor of a and l.
13
Let o(p) = 2*p + 16. Let s be o(-4). What is the greatest common factor of 104 and s?
8
Suppose 15*h - 19*h = -20, -h = -g + 10. Let i(m) = -m**2 + 30. Let p be i(0). What is the greatest common divisor of p and g?
15
Suppose 0 = 2*h + n - 243, 130*h - 630 = 125*h + 5*n. Calculate the greatest common factor of 82 and h.
41
Let l(w) = w**3 - 3*w**2 - 3*w - 2. Let m be l(4). Let i = m - -43. Let x = -1 - -6. Calculate the greatest common factor of x and i.
5
Let w be 9 + 4 + 0 + -6. What is the greatest common divisor of w and 308?
7
Let g(t) = -35*t**2 + 36*t**2 - 7*t - 5*t + 16. Let n be g(12). Suppose 0*o + o - 128 = 0. Calculate the highest common divisor of o and n.
16
Let m be -8*((-147)/28 + 4). What is the highest common divisor of 270 and m?
10
Let x(o) = -o**2 + 43*o - 168. Let d be x(38). Calculate the greatest common divisor of 4 and d.
2
Suppose -5*p + 105 + 30 = 0. Suppose n = 4*j + 285, -n + 7*j - 9*j + 303 = 0. Calculate the highest common divisor of p and n.
27
Let b(l) = -20*l**3 + 5*l - 12. Let x be b(-3). Calculate the greatest common divisor of 38 and x.
19
Suppose 0 = 3*t - 889 + 361. What is the highest common factor of 11 and t?
11
Let i(u) = -2*u + 123. Let f be i(-12). Calculate the greatest common divisor of f and 637.
49
Suppose 2*o - 24 = -0*o. Suppose i + 2*a = -3*a + 1, 4*i + 4*a = -o. Let p be i/1